
List the prime factors of 8286/8 - (-6 + 189/28).
3, 5, 23
Suppose -15*v + 14*v = -51. Let l be 233/3 - (-17)/v. Let h = 115 - l. List the prime factors of h.
37
Let m(w) = -19*w - 26. Let r be m(-14). Suppose 5*g + 4*l = 552, 0 = -3*g - 3*l + r + 90. List the prime factors of g.
2, 7
Suppose 8*a - 7059 = -2811. List the prime factors of a.
3, 59
Suppose 4*p + 363 = -177. Let z = p - -252. What are the prime factors of z?
3, 13
Let n(y) = 1. Let z(v) = 7*v + 3. Let o(l) = -6*n(l) + z(l). List the prime factors of o(9).
2, 3, 5
Let j = -1300 + 3572. List the prime factors of j.
2, 71
Suppose -5*s + 299 = g, g + 5 = 5*s + 334. Suppose k - 3*i - i - g = 0, -1193 = -4*k - 5*i. What are the prime factors of k?
2, 151
Suppose 0 = 48*p - 32*p - 56128. What are the prime factors of p?
2, 877
Suppose -4*p + 6*p + 805 = n, -p - 3227 = -4*n. What are the prime factors of n?
3, 269
Suppose 4*l - 2*m = -0*m - 106, -l = 2*m + 14. What are the prime factors of (-1)/(-6) + (-2396)/l + -2?
2, 7
Let j(f) = -36*f**3 - f**2 + 2*f. Let n be j(1). Let y = n - -60. List the prime factors of y.
5
Suppose 3*n - 2*i - 11 = 21, 4*n = -5*i + 81. Suppose -3*p = 4*r - 153, 4*p - n = r + 190. What are the prime factors of p?
3, 17
What are the prime factors of (-100)/4*107*(-6)/10?
3, 5, 107
Suppose -76*c + 2*m = -81*c + 6604, c - 1328 = 2*m. List the prime factors of c.
2, 661
Let a = 507 - 336. List the prime factors of (-2)/(12/a)*-2.
3, 19
Suppose 0 = -27*s - 2*s + 95990. What are the prime factors of s?
2, 5, 331
Let f be 10/(-4) + (-2)/4 - -10. Let y(i) = i**2 + 16*i + 10. List the prime factors of y(f).
3, 19
Let w(k) = -k**2 + 15*k + 24. Let u be w(12). Suppose 2*p = 3*h + 16, 3*p + h = -p + u. What are the prime factors of p?
2, 7
Let b(h) = 2*h**2 - 24*h + 11. List the prime factors of b(-17).
997
List the prime factors of ((-20976)/(-190))/(3/10).
2, 23
Suppose -4*k - 2*m + 3938 = 0, -m + 2*m = 3*k - 2966. What are the prime factors of k?
3, 7, 47
Let h = -2086 - -3276. List the prime factors of h.
2, 5, 7, 17
Let f(u) be the third derivative of -u**6/120 - u**5/4 - 5*u**4/6 + 7*u**3/6 - 17*u**2. What are the prime factors of f(-14)?
7, 13
Suppose 53 - 47 = -3*y. What are the prime factors of (-4)/y - 197*(-3)/3?
199
Suppose -31*c = -11282 - 4869. What are the prime factors of c?
521
What are the prime factors of -1*161271/(-171) + 2/(-19)?
23, 41
Let a = 425 + -16. What are the prime factors of a?
409
Suppose -5*u + 6*u - 2*r - 115 = 0, -r = 5*u - 575. Suppose n - 5*d = 19, 4*n - 4*d = u - 7. List the prime factors of n.
29
Let g(r) = -r**3 + 7*r**2 - 6*r - 9. Let f be g(6). Let s be f*5/((-30)/(-8)). Let o = s + 44. List the prime factors of o.
2
Suppose 0 = -5*i + 2*u + 4757, 2551 + 2207 = 5*i - 3*u. What are the prime factors of i?
3, 317
Let v = -122 - -252. Suppose -3*h + v = -h. List the prime factors of h.
5, 13
Let d(v) = v**3 + 7*v**2 - 7*v + 10. Let c be d(-8). Suppose 3 = c*n - 3. Suppose n*h - 72 = h. What are the prime factors of h?
2, 3
What are the prime factors of (5 + -9 + 2712)*5/10?
2, 677
Suppose 6*o + 19 = 25. List the prime factors of (1 + o)*((-162)/(-4) - 4).
73
Let k = -16 + 32. Suppose 6*b = 2*b + k. Suppose -b*p - 44 = -8*p. What are the prime factors of p?
11
Let y be ((-25)/10 - -2)*2. Let m(p) = -68*p**3 - p**2. What are the prime factors of m(y)?
67
Let d(z) = 3*z**2 - 3*z + 7. Let h be d(6). Let b(f) = -21*f + 5. Let c be b(2). Let q = c + h. What are the prime factors of q?
2, 3, 5
Let n = 17 - 7. Let w = 53 + -78. What are the prime factors of w/n*(-2 - 0)?
5
Suppose 2*z = -t + 3799, z = 3*t + 1743 + 139. What are the prime factors of z?
7, 271
Suppose 27*b = 4157 - 566. List the prime factors of b.
7, 19
Let s(f) be the second derivative of 0 + 1/6*f**4 + 1/2*f**2 + 1/10*f**5 - 1/6*f**3 - 4*f. What are the prime factors of s(2)?
23
List the prime factors of (54/(-21))/(6/(-2968)).
2, 3, 53
List the prime factors of (-8 - -1)*(-33687)/399.
3, 197
Let c = -18 + 24. Let q(x) = 5*x - 6. Let l be q(c). Suppose 15 = 3*b - l. What are the prime factors of b?
13
Let v(p) = p**3 + p - 5. Suppose -m + 9 = 2*m. Let g be v(m). Suppose 0 = -d + 23 + g. What are the prime factors of d?
2, 3
Suppose -3*m + 9*f + 1044 = 6*f, 682 = 2*m + 5*f. List the prime factors of m.
2, 173
List the prime factors of (12 - -477 - 3)*10.
2, 3, 5
Let i = 145 + -25. Suppose 2*g - 5*v = -187, -5*g - 109 - 324 = -v. Let j = i + g. What are the prime factors of j?
2, 17
List the prime factors of 134*(15/(-10) + 7).
11, 67
Suppose 0 = -12*u + 11*u. Suppose 2*d = -3*d - 25, 4*m + 4*d - 104 = u. What are the prime factors of m?
31
Let h(k) = 25*k**2 + 3. Let u(s) = -26*s**2 - 4. Let n(r) = 5*h(r) + 4*u(r). Let o be n(-1). Suppose 0 = -0*w - 2*w + o. What are the prime factors of w?
2, 5
Suppose 0*j - 2*j - 86 = -2*c, -j = -5*c + 203. Suppose -o - y + 23 = -c, 4*y = 3*o - 196. What are the prime factors of o?
2
Suppose 4*h + 12 = 0, 2 + 1 = -4*m - 5*h. Suppose 7*d = m*d + 4. Suppose 2*q = -d + 15. What are the prime factors of q?
7
Suppose -8*t + 1445 + 2979 = 0. List the prime factors of t.
7, 79
Suppose 4*s - 17 = -3*w, 3*s - 5*w + 0*w = -9. Let q = s - -37. List the prime factors of q.
3, 13
Let t = 27 - 24. Suppose t*g - 5*b + 35 - 96 = 0, g + b = 23. What are the prime factors of g?
2, 11
What are the prime factors of (5/(-1))/(-25) + (-33570)/(-25)?
17, 79
Let d = 2 + 0. Let j be 15*(-3 + 4 + 3 + -3). What are the prime factors of 2/(d/j)*1?
3, 5
Let k(t) = 3*t**2 - 16*t + 25. List the prime factors of k(4).
3
Suppose v - 6 = 2*b - v, -b = -3*v + 13. List the prime factors of 2 + b + -3 + 54.
5, 11
Let o(f) = -820*f - 133. List the prime factors of o(-3).
13, 179
Let z(m) = m + 1. Let s be z(9). Suppose f = -r + s + 5, 0 = -5*r - f + 63. Suppose -5*v - 7 = -3*w, 0 = -2*w - 6*v + 2*v + r. What are the prime factors of w?
2
Suppose 0 = -32*o + 5*o + 3132. List the prime factors of o.
2, 29
Suppose -3*c - 1471 = -q, -5884 = -59*q + 55*q - c. What are the prime factors of q?
1471
Suppose -2*t + u + 9964 = 2*t, 0 = 2*u. List the prime factors of t.
47, 53
Let f(r) = -5*r - 25. Let s be f(-6). Suppose s*j = 9*j - 528. What are the prime factors of j?
2, 3, 11
Let a be (-84)/49*(-28)/6. Let d(r) = 4*r + 46. List the prime factors of d(a).
2, 3, 13
Suppose -5*n + 6*g = 2*g - 242, -4*n + 181 = g. Let z = n + 52. List the prime factors of z.
2, 7
What are the prime factors of 50/(-200) - (24970/(-8))/5?
2, 3, 13
Suppose 10*m + 57*m = 335670. What are the prime factors of m?
2, 3, 5, 167
Let h be ((-243)/(-6))/(-9)*(-200 - 0). Suppose 3*r = 13*r - h. List the prime factors of r.
2, 3, 5
Let a = 35 - 31. Suppose -a*i = -5*l + i + 285, -l = -5*i - 77. List the prime factors of l.
2, 13
Let c = 3 - 5. Let t(j) = 3*j - 6. Let l be t(6). What are the prime factors of c/l - (-230)/12?
19
Suppose -10*a + 9*a = -7*a. What are the prime factors of ((-935)/(-15))/(4/12 + a)?
11, 17
Let s = -71 + 69. List the prime factors of (-6 + 5)*-146 + s.
2, 3
Let w(n) = n**3 + n**2 + 12. Suppose 2*z - 35 = -7. Let v = z + -14. What are the prime factors of w(v)?
2, 3
Let u be 10/45 + 6/(-27). Suppose z - 8 + 0 = u. List the prime factors of z.
2
Let t = -19 + 21. Suppose 4*v - 4*y - 64 = 384, 5*v + t*y - 567 = 0. What are the prime factors of v?
113
Suppose -5*q + 5375 = 5*z, 2*z = -2*z - 3*q + 4295. List the prime factors of z.
2, 5, 107
Let n(t) = 12*t**2 + 26*t - 46. Let o be n(-16). Suppose o = 5*l + 4*l. What are the prime factors of l?
2, 5, 29
Let h(x) = x**2 - x - 2. Let j be h(-2). Suppose 2*g + 40 = 5*y + 7*g, -3*y + g = -j. Let v = y - -8. List the prime factors of v.
11
Let o(l) = 2*l**2 - 12*l - 6. Let c be o(9). Let x = c + -13. What are the prime factors of x?
5, 7
Let x(z) = -2*z + 17. Let b be x(7). Let p(w) = -w**b + 26 + 19*w**2 + 2*w**3 + 5*w - 6*w. What are the prime factors of p(-19)?
3, 5
Let v(z) = -6*z**2. Let j be v(1). Let x(q) be the second derivative of q**5/20 + q**4/2 - q**3 - 9*q**2/2 + 4*q - 9. What are the prime factors of x(j)?
3
Let h be -35*(5 - 4)/1. Let d = h + -7. List the prime factors of 49/3 - 28/d.
17
Let v(g) = -g**2 + 12*g - 13. Suppose 45 = 27*w - 22*w. What are the prime factors of v(w)?
2, 7
Let h(k) = -k**3 + 16*k**2 + 17*k + 2. Let l be 